{"id":20,"date":"2024-11-14T09:20:25","date_gmt":"2024-11-14T08:20:25","guid":{"rendered":"http:\/\/brontosauripisne.cz\/?page_id=20"},"modified":"2025-11-25T16:25:26","modified_gmt":"2025-11-25T15:25:26","slug":"home","status":"publish","type":"page","link":"http:\/\/brontosauripisne.cz\/","title":{"rendered":"Home"},"content":{"rendered":"\n<div class=\"wp-block-cover alignfull is-light\" style=\"padding-top:10rem;padding-bottom:var(--wp--preset--spacing--80);min-height:100vh;aspect-ratio:unset;\"><span aria-hidden=\"true\" class=\"wp-block-cover__background has-background-dim-100 has-background-dim\" style=\"background-color:#ffc000\"><\/span><div class=\"wp-block-cover__inner-container is-layout-flow wp-block-cover-is-layout-flow\">\n<div class=\"inherit-container-width wp-block-group alignwide is-layout-constrained wp-block-group-is-layout-constrained\" style=\"padding-bottom:var(--wp--preset--spacing--70)\">\n<figure class=\"wp-block-image size-full\"><img loading=\"lazy\" decoding=\"async\" width=\"1717\" height=\"685\" src=\"http:\/\/brontosauripisne.cz\/wp-content\/uploads\/2025\/11\/brontosauri-pisne-na-titulku-1.jpg\" alt=\"\" class=\"wp-image-560\"\/><\/figure>\n\n\n\n<p><strong>Koncert Brontosu\u0159\u00edch p\u00edsn\u00ed, kter\u00fd se letos uskute\u010dnil des\u00e1t\u00e9ho listopadu 2025 v&nbsp;Divadle BARKA, byl opravdu p\u0159\u00edjemn\u00fd, objevn\u00fd a p\u0159\u00e1telsk\u00fd.&nbsp;<\/strong><\/p>\n\n\n\n<ul class=\"wp-block-list\">\n<li>Ve\u010derem prov\u00e1zela dvojice: Al\u017eb\u011bta Fl\u00ed\u010dkov\u00e1, programov\u00e1 \u0159editelka Hnut\u00ed Brontosaurus, a Pepa Ferenc, kte\u0159\u00ed v&nbsp;\u00favodu p\u0159ednesli poh\u00e1dkovou p\u00edse\u0148 <strong>Hibernovan\u00fd Brontosaurus<\/strong> Jitky \u0160\u0165ofky Hole\u010dkov\u00e9.<\/li>\n\n\n\n<li>Hymnu <strong>\u201eBrontosaurus\u201c<\/strong> V\u00e1clava Kocura zazp\u00edval Petr \u010cechura \u2013 I\u010di, a<\/li>\n\n\n\n<li>po I\u010dim nastoupili Radka Jaru\u0161kov\u00e1, Voj\u0165\u00e1k Proch\u00e1zka a Filip Hanzelka s p\u00edsn\u00ed z&nbsp;filmu V\u011bry Pl\u00edvov\u00e9\u2013\u0160imkov\u00e9: <strong>Brontosaurus<\/strong> z&nbsp;roku 1979, autor\u016f Petr Hapka\/Zden\u011bk Ryt\u00ed\u0159.<\/li>\n\n\n\n<li>Sou\u010d\u00e1st\u00ed ve\u010dera bylo i vyhl\u00e1\u0161en\u00ed v\u00edt\u011bz\u016f sout\u011b\u017ee EKOF\u00d3R 2025 v&nbsp;hlasov\u00e1n\u00ed div\u00e1k\u016f, kter\u00e9 moderovala Radka Jaru\u0161kov\u00e1.&nbsp;<\/li>\n\n\n\n<li>Al\u017eb\u011bta Fl\u00ed\u010dkov\u00e1 n\u00e1sledn\u011b vyhl\u00e1sila v\u00fdznamnou ud\u00e1lost, a to <strong>nov\u00fd ro\u010dn\u00edk EKOF\u00d3Ru 2026<\/strong> s&nbsp;t\u00e9matem: <strong>JAK BY M\u011aL VYPADAT SV\u011aT ZA SEDM GENERAC\u00cd?<\/strong><\/li>\n\n\n\n<li>P\u00f3dium d\u00e1le pat\u0159ilo skupin\u011b Net\u0159esk ze Z\u010c HB Zvonek ve slo\u017een\u00ed Milo\u0161 Tomek \u2013 zp\u011bv, kytara, fl\u00e9tna, harmonika; Jan H\u0159\u00edbek Mikol\u00e1\u0161ek \u2013 zp\u011bv, kytara; V\u00edt Sklen\u00e1\u0159 \u2013 baskytara; Hana Kova\u0159\u00edkov\u00e1 (Mikol\u00e1\u0161kov\u00e1) &#8211; zp\u011bv, saxofon, fl\u00e9tna; Zora Bedla R\u00fdparov\u00e1 \u2013 zp\u011bv, housle; Svatava \u0160techov\u00e1 \u2013 zp\u011bv, rytmika; Helena My\u0161ka Mikol\u00e1\u0161kov\u00e1 \u2013 zp\u011bv, rytmika. Zazp\u00edvali n\u00e1m p\u00edsni\u010dky <strong>Net\u0159esk, Rann\u00ed a Ikaros.<\/strong><\/li>\n\n\n\n<li>Ond\u0159ej Ondera Herz\u00e1n z Orchisu zazp\u00edval p\u00edsn\u011b: <strong>Ne\u017e k&nbsp;n\u00e1m jaro doraz\u00ed, Dort pro Brontosaura, V&nbsp;Kru\u0161n\u00fdch hor\u00e1ch.<\/strong><\/li>\n\n\n\n<li>A to u\u017e Al\u017eb\u011bta Fl\u00ed\u010dkov\u00e1 ohl\u00e1sila dv\u011b formace z&nbsp;brontosau\u0159\u00edho prav\u011bku:<\/li>\n\n\n\n<li>Nejd\u0159\u00edve n\u00e1s Brontosau\u0159\u00ed Bard nult\u00e9 generace Michal Odar\u010denko rozesmutn\u011bl i rozesm\u00e1l sv\u00fdmi p\u00edsn\u011bmi: <strong>Pesimi blues, Fest march, Slabi\u010dn\u00e1 a Koza bezo\u00e1rov\u00e1.<\/strong><\/li>\n\n\n\n<li>Po Michalovi n\u00e1sledovalo Gerontoduo Lud\u011bk Smolka, Pepa Ferenc s&nbsp;p\u00edsn\u00ed<strong> 65+.<\/strong><\/li>\n\n\n\n<li>To u\u017e jsme se vyhrabali z&nbsp;brontosau\u0159\u00edho prav\u011bku a dv\u011bma p\u00edsn\u011bmi se v\u011bnovali dv\u011bma tragick\u00fdm ud\u00e1lostem let 2021 a 2022, kde Brontosau\u0159i dobrovolnicky pom\u00e1hali \u2013 bylo to torn\u00e1do na Podlu\u017e\u00ed a pomoc uprchl\u00edk\u016fm z&nbsp;Ukrajiny:<\/li>\n\n\n\n<li>Al\u017eb\u011bta Fl\u00ed\u010dkov\u00e1 zazp\u00edvala <strong>Vytorn\u00e1dovanou chajdu<\/strong> a Anna Nedashkovsk\u00e1 (jedin\u00fd Brontosaurus UA n\u00e1rodnosti) s Pepou<strong> <\/strong>zazp\u00edvali ukrajinskou p\u00edse\u0148<strong> \u010cervona ruta.<\/strong><\/li>\n\n\n\n<li>Dal\u0161\u00ed n\u00e1dhernou p\u00edsn\u00ed byla Vlajkov\u00e1 p\u00edse\u0148 z&nbsp;filmu a knihy \u201eJi\u0159\u00edkovo vid\u011bn\u00ed\u201c od Ji\u0159\u00edho Svobody a Marty Kov\u00e1\u0159ov\u00e9, podrobn\u00e9ho to rozboru klimatick\u00e9 krize a o klimatick\u00e9m rozvratu na\u0161\u00ed civilizace pod n\u00e1zvem: <strong>Tax the Carbon Globally, <\/strong>u kter\u00e9 jsme si zkusili i jej\u00ed choreografii. Film \u201eJi\u0159\u00edkovo vid\u011bn\u00ed\u201c jsme vid\u011bli vloni na Dortu v&nbsp;Tel\u010di.<\/li>\n\n\n\n<li>Posledn\u00ed formac\u00ed bylo duo Jaroslav Bab\u00e1k a Eva Svobodov\u00e1 s&nbsp;p\u00edsn\u011bmi<strong> M\u00edt u\u0161i jako sl\u016fn\u011b (Cestovatelsk\u00e1), \u017d\u00e1ba a ropucha a Plujem na\/proti Pandemii.<\/strong><\/li>\n\n\n\n<li>Z\u00e1v\u011br koncertu pat\u0159il je\u0161t\u011b OPEN MICROFONU, kde jsme sly\u0161eli Pepovu p\u00edse\u0148<strong> Smet\u00ed \u0161lo sp\u00e1t, <\/strong>a p\u00edse\u0148<strong> Farm\u00e1\u0159sk\u00e1 <\/strong>v p\u0159ednesu Ji\u0159\u00edho George Dra\u017eila.<\/li>\n\n\n\n<li>Velk\u00e9 d\u00edky pat\u0159\u00ed technik\u016fm Divadla BARKA za pomoc, nasv\u00edcen\u00ed a prom\u00edtan\u00ed. D\u00edky zvuka\u0159i Danielu Polansk\u00e9mu a kameramanu Kamilu Chmelovi se tak\u00e9 na brontosau\u0159\u00edm youtube \u010dasem objev\u00ed videoz\u00e1znam z&nbsp;tohoto koncertu. Fotografie z&nbsp;koncertu po\u0159\u00eddil neot\u0159el\u00fd brontosau\u0159\u00ed fotograf Pavel Mucha Novotn\u00fd.<\/li>\n<\/ul>\n\n\n\n<p><strong>Tak zase za rok!<\/strong><\/p>\n\n\n\n<p style=\"padding-top:0;padding-right:0;padding-bottom:var(--wp--preset--spacing--20);padding-left:0;font-size:18px\"><\/p>\n<\/div>\n<\/div><\/div>\n\n\n\n<p><\/p>\n","protected":false},"excerpt":{"rendered":"","protected":false},"author":1,"featured_media":0,"parent":0,"menu_order":0,"comment_status":"closed","ping_status":"closed","template":"","meta":{"site-sidebar-layout":"no-sidebar","site-content-layout":"plain-container","ast-site-content-layout":"","site-content-style":"default","site-sidebar-style":"default","ast-global-header-display":"","ast-banner-title-visibility":"","ast-main-header-display":"","ast-hfb-above-header-display":"","ast-hfb-below-header-display":"","ast-hfb-mobile-header-display":"","site-post-title":"disabled","ast-breadcrumbs-content":"","ast-featured-img":"","footer-sml-layout":"","theme-transparent-header-meta":"enabled","adv-header-id-meta":"","stick-header-meta":"","header-above-stick-meta":"","header-main-stick-meta":"","header-below-stick-meta":"","astra-migrate-meta-layouts":"default","ast-page-background-enabled":"default","ast-page-background-meta":{"desktop":{"background-color":"var(--ast-global-color-4)","background-image":"","background-repeat":"repeat","background-position":"center center","background-size":"auto","background-attachment":"scroll","background-type":"","background-media":"","overlay-type":"","overlay-color":"","overlay-opacity":"","overlay-gradient":""},"tablet":{"background-color":"","background-image":"","background-repeat":"repeat","background-position":"center center","background-size":"auto","background-attachment":"scroll","background-type":"","background-media":"","overlay-type":"","overlay-color":"","overlay-opacity":"","overlay-gradient":""},"mobile":{"background-color":"","background-image":"","background-repeat":"repeat","background-position":"center center","background-size":"auto","background-attachment":"scroll","background-type":"","background-media":"","overlay-type":"","overlay-color":"","overlay-opacity":"","overlay-gradient":""}},"ast-content-background-meta":{"desktop":{"background-color":"var(--ast-global-color-5)","background-image":"","background-repeat":"repeat","background-position":"center center","background-size":"auto","background-attachment":"scroll","background-type":"","background-media":"","overlay-type":"","overlay-color":"","overlay-opacity":"","overlay-gradient":""},"tablet":{"background-color":"var(--ast-global-color-5)","background-image":"","background-repeat":"repeat","background-position":"center center","background-size":"auto","background-attachment":"scroll","background-type":"","background-media":"","overlay-type":"","overlay-color":"","overlay-opacity":"","overlay-gradient":""},"mobile":{"background-color":"var(--ast-global-color-5)","background-image":"","background-repeat":"repeat","background-position":"center center","background-size":"auto","background-attachment":"scroll","background-type":"","background-media":"","overlay-type":"","overlay-color":"","overlay-opacity":"","overlay-gradient":""}},"footnotes":""},"class_list":["post-20","page","type-page","status-publish","hentry"],"_links":{"self":[{"href":"http:\/\/brontosauripisne.cz\/index.php\/wp-json\/wp\/v2\/pages\/20"}],"collection":[{"href":"http:\/\/brontosauripisne.cz\/index.php\/wp-json\/wp\/v2\/pages"}],"about":[{"href":"http:\/\/brontosauripisne.cz\/index.php\/wp-json\/wp\/v2\/types\/page"}],"author":[{"embeddable":true,"href":"http:\/\/brontosauripisne.cz\/index.php\/wp-json\/wp\/v2\/users\/1"}],"replies":[{"embeddable":true,"href":"http:\/\/brontosauripisne.cz\/index.php\/wp-json\/wp\/v2\/comments?post=20"}],"version-history":[{"count":83,"href":"http:\/\/brontosauripisne.cz\/index.php\/wp-json\/wp\/v2\/pages\/20\/revisions"}],"predecessor-version":[{"id":564,"href":"http:\/\/brontosauripisne.cz\/index.php\/wp-json\/wp\/v2\/pages\/20\/revisions\/564"}],"wp:attachment":[{"href":"http:\/\/brontosauripisne.cz\/index.php\/wp-json\/wp\/v2\/media?parent=20"}],"curies":[{"name":"wp","href":"https:\/\/api.w.org\/{rel}","templated":true}]}}